ate the remainder when 13706 is divided by 149.
147
Calculate the remainder when 4683 is divided by 213.
210
Calculate the remainder when 125 is divided by 33.
26
Calculate the remainder when 2273 is divided by 453.
8
What is the remainder when 218 is divided by 62?
32
What is the remainder when 285 is divided by 12?
9
What is the remainder when 338 is divided by 9?
5
Calculate the remainder when 962 is divided by 46.
42
What is the remainder when 4076 is divided by 151?
150
What is the remainder when 1102 is divided by 14?
10
Calculate the remainder when 330 is divided by 65.
5
What is the remainder when 107 is divided by 37?
33
What is the remainder when 829 is divided by 105?
94
What is the remainder when 956 is divided by 196?
172
What is the remainder when 1351 is divided by 1318?
33
Calculate the remainder when 611 is divided by 70.
51
Calculate the remainder when 20 is divided by 3.
2
What is the remainder when 282 is divided by 39?
9
What is the remainder when 44 is divided by 31?
13
What is the remainder when 282 is divided by 26?
22
What is the remainder when 474 is divided by 25?
24
Calculate the remainder when 843 is divided by 393.
57
What is the remainder when 221 is divided by 40?
21
What is the remainder when 1277 is divided by 158?
13
What is the remainder when 14 is divided by 6?
2
Calculate the remainder when 178 is divided by 74.
30
Calculate the remainder when 109 is divided by 23.
17
What is the remainder when 128 is divided by 29?
12
Calculate the remainder when 2084 is divided by 56.
12
What is the remainder when 209 is divided by 35?
34
What is the remainder when 719 is divided by 15?
14
What is the remainder when 949 is divided by 64?
53
Calculate the remainder when 105 is divided by 27.
24
Calculate the remainder when 2347 is divided by 29.
27
Calculate the remainder when 6368 is divided by 6.
2
What is the remainder when 117 is divided by 42?
33
What is the remainder when 1845 is divided by 24?
21
Calculate the remainder when 48 is divided by 37.
11
Calculate the remainder when 501 is divided by 4.
1
What is the remainder when 262 is divided by 235?
27
What is the remainder when 1912 is divided by 52?
40
Calculate the remainder when 374 is divided by 357.
17
What is the remainder when 838 is divided by 417?
4
Calculate the remainder when 442 is divided by 116.
94
Calculate the remainder when 335 is divided by 105.
20
Calculate the remainder when 112 is divided by 87.
25
Calculate the remainder when 3240 is divided by 35.
20
What is the remainder when 2677 is divided by 2663?
14
What is the remainder when 128 is divided by 27?
20
Calculate the remainder when 2056 is divided by 21.
19
Calculate the remainder when 7984 is divided by 15.
4
What is the remainder when 59 is divided by 37?
22
What is the remainder when 13154 is divided by 253?
251
Calculate the remainder when 651 is divided by 38.
5
Calculate the remainder when 20357 is divided by 18.
17
What is the remainder when 691 is divided by 77?
75
Calculate the remainder when 546 is divided by 97.
61
What is the remainder when 465 is divided by 7?
3
What is the remainder when 623 is divided by 105?
98
Calculate the remainder when 1624 is divided by 207.
175
Calculate the remainder when 195 is divided by 112.
83
Calculate the remainder when 38 is divided by 3.
2
Calculate the remainder when 1900 is divided by 470.
20
Calculate the remainder when 90 is divided by 13.
12
Calculate the remainder when 28252 is divided by 51.
49
What is the remainder when 20 is divided by 10?
0
What is the remainder when 985 is divided by 26?
23
Calculate the remainder when 319 is divided by 9.
4
Calculate the remainder when 8124 is divided by 271.
265
Calculate the remainder when 40765 is divided by 374.
373
Calculate the remainder when 3980 is divided by 6.
2
Calculate the remainder when 139 is divided by 18.
13
What is the remainder when 495 is divided by 12?
3
Calculate the remainder when 592 is divided by 99.
97
Calculate the remainder when 598 is divided by 153.
139
Calculate the remainder when 63 is divided by 33.
30
What is the remainder when 9588 is divided by 43?
42
Calculate the remainder when 346 is divided by 92.
70
Calculate the remainder when 491 is divided by 31.
26
What is the remainder when 2758 is divided by 12?
10
What is the remainder when 259 is divided by 31?
11
Calculate the remainder when 107 is divided by 25.
7
Calculate the remainder when 383 is divided by 24.
23
Calculate the remainder when 832 is divided by 139.
137
What is the remainder when 41 is divided by 28?
13
What is the remainder when 2552 is divided by 846?
14
Calculate the remainder when 271 is divided by 13.
11
What is the remainder when 117 is divided by 35?
12
Calculate the remainder when 5739 is divided by 18.
15
Calculate the remainder when 346 is divided by 132.
82
Calculate the remainder when 120 is divided by 11.
10
What is the remainder when 125 is divided by 44?
37
What is the remainder when 364 is divided by 16?
12
Calculate the remainder when 1351 is divided by 213.
73
What is the remainder when 2036 is divided by 120?
116
What is the remainder when 14555 is divided by 58?
55
What is the remainder when 1147 is divided by 28?
27
Calculate the remainder when 22 is divided by 9.
4
What is the remainder when 460 is divided by 415?
45
What is the remainder when 1280 is divided by 7?
6
Calculate the remainder when 204 is divided by 13.
9
Calculate the remainder when 111 is divided by 42.
27
Calculate the remainder when 815 is divided by 91.
87
What is the remainder when 488 is divided by 136?
80
What is the remainder when 207 is divided by 199?
8
Calculate the remainder when 53 is divided by 1.
0
Calculate the remainder when 677 is divided by 68.
65
Calculate the remainder when 1821 is divided by 39.
27
What is the remainder when 541 is divided by 16?
13
What is the remainder when 10398 is divided by 13?
11
What is the remainder when 968 is divided by 60?
8
Calculate the remainder when 141 is divided by 25.
16
Calculate the remainder when 505 is divided by 83.
7
What is the remainder when 607 is divided by 35?
12
What is the remainder when 368 is divided by 74?
72
Calculate the remainder when 1325 is divided by 14.
9
Calculate the remainder when 1543 is divided by 189.
31
What is the remainder when 1574 is divided by 82?
16
What is the remainder when 27 is divided by 14?
13
What is the remainder when 24 is divided by 15?
9
What is the remainder when 381 is divided by 6?
3
What is the remainder when 45283 is divided by 15?
13
What is the remainder when 69 is divided by 23?
0
Calculate the remainder when 515 is divided by 26.
21
What is the remainder when 2141 is divided by 18?
17
What is the remainder when 88 is divided by 46?
42
What is the remainder when 184 is divided by 53?
25
Calculate the remainder when 574 is divided by 16.
14
What is the remainder when 259 is divided by 6?
1
Calculate the remainder when 117 is divided by 10.
7
Calculate the remainder when 571 is divided by 26.
25
What is the remainder when 177 is divided by 86?
5
What is the remainder when 649 is divided by 90?
19
Calculate the remainder when 52 is divided by 33.
19
What is the remainder when 149 is divided by 51?
47
Calculate the remainder when 3171 is divided by 78.
51
Calculate the remainder when 289 is divided by 36.
1
What is the remainder when 6078 is divided by 152?
150
What is the remainder when 3098 is divided by 100?
98
Calculate the remainder when 314 is divided by 15.
14
Calculate the remainder when 220 is divided by 14.
10
What is the remainder when 160 is divided by 6?
4
Calculate the remainder when 445 is divided by 122.
79
Calculate the remainder when 687 is divided by 233.
221
Calculate the remainder when 384 is divided by 55.
54
Calculate the remainder when 131 is divided by 24.
11
What is the remainder when 167 is divided by 42?
41
What is the remainder when 238 is divided by 63?
49
What is the remainder when 356 is divided by 35?
6
Calculate the remainder when 31 is divided by 24.
7
What is the remainder when 182 is divided by 94?
88
Calculate the remainder when 3488 is divided by 28.
16
What is the remainder when 388 is divided by 81?
64
What is the remainder when 1711 is divided by 17?
11
Calc